ivided by k(m).
4
Let g(q) = -q**2 - 15*q - 6. Let s be g(-11). Let r = s + -26. Calculate the remainder when 46 is divided by r.
10
Suppose 3*b + o = 8 - 3, -4*b + 4 = 2*o. Let c = 20 - b. Let j(k) = k**2 + 3*k - 4. What is the remainder when j(6) is divided by c?
16
Suppose 0*u = 5*u - 35. Suppose 5*w - r = -3*r - 10, 3*r = -15. Let h = u - w. Calculate the remainder when 19 is divided by h.
5
Let c(f) = 3*f**2 + 11*f + 19. Let k = -139 + 132. Calculate the remainder when c(k) is divided by 46.
43
What is the remainder when 94 is divided by (46 + -44)*122/4?
33
Let w(k) = k**3 - k**2 + 2*k + 64. Calculate the remainder when 319 is divided by w(0).
63
Let q = 455 + -317. What is the remainder when q is divided by 4?
2
Suppose -32 - 36 = -2*m. Let h = 57 - m. Calculate the remainder when (-676)/(-10) + 2/5 is divided by h.
22
Let l(p) = 21*p - 168. What is the remainder when 141 is divided by l(9)?
15
Suppose -2*k = u - 62, -10*k - 5*u + 49 = -9*k. Calculate the remainder when k is divided by 21.
8
Suppose 4*b - 13 = 39. Suppose -2*k + 54 = -4*g - 16, -5*k + 189 = 4*g. What is the remainder when k is divided by b?
11
Suppose -110 + 410 = -5*v. Let i = v - -74. What is the remainder when i is divided by 8?
6
Suppose 141 = 4*b + 41. Let s = -35 - -89. Let p = s + 45. Calculate the remainder when p is divided by b.
24
Let a(l) = l**3 - 12*l**2 + 2*l - 13. Let f(h) = -4*h**3 + 37*h**2 - 7*h + 39. Let w(t) = -7*a(t) - 2*f(t). Calculate the remainder when w(-10) is divided by 8.
5
Let r(l) = 13*l**2 + 12*l - 10. What is the remainder when 251 is divided by r(1)?
11
Let f be 59/5 - (-24)/(-30). Suppose -5*h + 51 - f = 0. Let c(g) = -24*g - 1. Calculate the remainder when c(-1) is divided by h.
7
Let h(s) = -s**3 - 3*s**2 - 7*s - 26. Calculate the remainder when h(-6) is divided by 38.
10
Let z(v) = -v**2 - v + 1. Let n(b) = 8*b**2 - 19*b - 17. Let a(o) = -n(o) - 6*z(o). What is the remainder when 87 is divided by a(11)?
43
Let y = 29 - 24. Suppose 5*n = -3*x - 5, -2*n + y*x - 2*x - 23 = 0. What is the remainder when 15 is divided by n + (-3 - -9) + 2?
3
Let z = -2695 - -2707. What is the remainder when ((2 - 2) + -21)/(-1) is divided by z?
9
Let c = 921 + -844. Let x = -1 - -10. What is the remainder when c is divided by x?
5
Suppose 0 = 1231*g - 1238*g + 5817. Calculate the remainder when g is divided by 64.
63
Suppose -3*s + 2 = -10. Let u = 95 - 65. What is the remainder when u is divided by 2/s - (-8)/(16/15)?
6
Let o(f) = f**2 + 3*f + 10. Let p be o(-7). Suppose -2*n - 5*c = -p, -3*c - 2*c + 11 = -n. What is the remainder when 34 is divided by n?
7
Suppose 64 = 4*a + 4*i - 16, -2*i - 17 = -a. Calculate the remainder when 90 is divided by a.
14
Let c = -6 + 11. Suppose -6*r + c*r = -34. Suppose 0 = -5*a + 15, -4*a + 38 = 4*l - 22. What is the remainder when r is divided by l?
10
Suppose 36 = -49*o + 51*o. Suppose -13*h = -4*h - o. Calculate the remainder when 4 is divided by h.
0
Suppose 0*m - m = -2*c + 19, 3*c - 5*m - 25 = 0. Suppose 0 = 3*f + c - 19. Calculate the remainder when 7 is divided by f.
1
Let c be (-1)/((-42)/20 - 3 - -5). Let s = 2 - -4. Let q = c + s. What is the remainder when 30 is divided by q?
14
Suppose -2*u + 2*i = -54, 0 = 4*u - 6*u + 3*i + 49. What is the remainder when u is divided by 17?
15
Let w(y) = -y**3 - 8*y**2 - 6*y + 2. Calculate the remainder when 92 is divided by w(-8).
42
Let n be 2/(-1 - -2) - 2. Let z = n + 10. Let w = 42 + -36. What is the remainder when z is divided by w?
4
Suppose -2*l = 2*i, -30 = 5*i - 5. Suppose 0 = l*d - 85. What is the remainder when 67 is divided by d?
16
Suppose 5*u - 18 = p, 4*u - 4*p - 15 = -3*p. Suppose 0 = -5*f - 15, f = 5*m + u*f - 144. Calculate the remainder when 59 is divided by m.
29
Suppose -46*q - 456 = -3078. What is the remainder when q is divided by 16?
9
Let q = 254 - 199. What is the remainder when 102 is divided by q?
47
Let r be ((-1)/1)/(2/(-74)). Suppose b = 5, -b + 42 = x + 3*b. Let n = r - x. What is the remainder when 44 is divided by n?
14
Suppose -54*s + 70*s - 144 = 0. Let x = 5 - 1. Suppose x*d + 7 = 99. What is the remainder when d is divided by s?
5
Let h(t) = 2*t**2 + t + 6. What is the remainder when h(7) is divided by 38?
35
Suppose 2 = k + 2*y - 6, 15 = 2*k + 5*y. Suppose -46*b + 43*b = -99. Calculate the remainder when b is divided by k.
3
Suppose -3*i + 25 = -3*b + 49, -5*i - 12 = 2*b. Suppose -7*j + 3*j = p - 25, 0 = -3*p - 9. Calculate the remainder when j is divided by b.
3
Suppose 0 = -b - o + 78, -2*b = -4*b + 4*o + 150. Let f(h) = h**3 - 6*h**2 - 12*h - 11. Calculate the remainder when b is divided by f(8).
14
Let z(h) = -h**3 - 9*h**2 - 7. Let d be z(-9). Let g(f) = -f**3 - 7*f**2 - f. Calculate the remainder when 40 is divided by g(d).
5
Let c(f) = -2*f**2 + 3*f + 5. Let x be c(-4). Let i = x + 62. What is the remainder when i is divided by 12?
11
Suppose -p = -3*x + 2, 0 = -2*x - p + 3*p. Let s = -80 - -82. Calculate the remainder when 7 is divided by -5*x*(-3 + s).
2
Let z(p) = 11*p**2 - 11*p + 24. Calculate the remainder when z(3) is divided by 4.
2
Let v(d) = d**2 - 5*d - 1. Suppose 5*j = -3*u - 31, -2*u - 2 - 2 = 0. Calculate the remainder when v(j) is divided by 13.
10
Suppose -i - 395 = -3*d, 20*i - 24*i = 3*d - 370. Calculate the remainder when d is divided by 122.
8
Suppose 24 = k - 7*k. Let m = -34 - -57. What is the remainder when ((k + 23)*6)/1 is divided by m?
22
Let q = -230 - -261. What is the remainder when 96 is divided by q?
3
Suppose -4*g = -33 + 25. Let w(s) = 2*s**g - s**2 - 3 + 15. What is the remainder when 22 is divided by w(0)?
10
Suppose 0 = -21*g - 3218 + 14978. What is the remainder when g is divided by 17?
16
Calculate the remainder when 5 - 233*(-36)/12 is divided by 47.
46
Suppose -5 = 3*f - 3*c + 1, 0 = 3*f - 5*c + 12. What is the remainder when (57*(-10)/(-15))/(f/2) is divided by 26?
24
Let k(m) = -5*m - 19. Let u be k(19). What is the remainder when 32 is divided by 8/(-28) + (1 - u/7)?
15
Let l = -47 + 66. Suppose 4*z = 6*m - 10, -3*m - 99 = 3*z - 129. Calculate the remainder when l is divided by z.
4
Let d = -23 - -119. Suppose -d = -j - 3*j. Let p(q) = -q**3 + 5*q**2 - 2*q - 3. Calculate the remainder when j is divided by p(3).
6
Let f(j) = 11*j**2 + 17*j - 12. Calculate the remainder when f(7) is divided by 25.
21
Let u(z) = z + 2 - 5*z + 6 + 3*z. Let n be u(-9). Calculate the remainder when 61 is divided by (1 - 0)*n - 1.
13
Suppose -174 = 22*v - 19*v. Let g = 113 + v. Suppose -3 - 11 = -l. What is the remainder when g is divided by l?
13
Suppose -33*y = 20*y - 4399. Calculate the remainder when y is divided by 17.
15
Suppose 0 = 3*z - 12 - 6. Let r(x) = 3*x**3 + 86*x**2 - 32*x - 71. Calculate the remainder when r(-29) is divided by z.
4
Let i(k) be the second derivative of k**5/20 + k**4/6 + k**3/3 - 2*k**2 - 7*k. Calculate the remainder when i(2) is divided by 10.
6
What is the remainder when 200 is divided by (-360)/(-50)*20/6?
8
Suppose 83 + 69 = 2*z. What is the remainder when z is divided by (1 - -22) + 0 + -3?
16
Suppose -59 + 51 = 4*h. Let d(y) = 2*y**2 - 3*y - 8. What is the remainder when 69 is divided by d(h)?
3
Let o = 8875 - 8872. Calculate the remainder when 34 + (-4)/(-2 - -4) is divided by o.
2
Suppose -4 + 6 = -2*z. Let u = z + 8. Suppose 2*o - 41 = 9. What is the remainder when o is divided by u?
4
Let s = -16 - -19. Suppose 4*q - s*n + 4*n = 40, -3 = q - 3*n. What is the remainder when 33 is divided by q?
6
Let o = 8 - 22. Let y be o + 10 - (-4 - 0). Suppose -3*a = -y*a - i - 282, -a + 5*i = -108. Calculate the remainder when a is divided by 19.
17
Let b(u) = -12*u + 15. Let j be b(3). Let n = -3 - j. Calculate the remainder when 52 is divided by n.
16
Suppose 2*l - 76 = l. Suppose 0 = -30*r + 8*r + 440. Calculate the remainder when l is divided by r.
16
Let s = 2 - -10. Let z be (-60)/s*(-46)/5. Suppose 0 = -5*b + 14 + z. Calculate the remainder when b is divided by 3.
0
Let d = -3 - -7. Suppose -q + 66 = 3*a, -d*q - 44 = -2*a - 5*q. What is the remainder when -5 + 11/2 + (-1026)/(-12) is divided by a?
20
Let p = 1157 + -1139. Calculate the remainder when 194 is divided by p.
14
Let f = 82 + -22. Suppose q + 4*d - 48 = -3*q, 3*q - 5*d - f = 0. Calculate the remainder when 86 i